-54*m**3 + 2*m**2 + m - 1. Let l be s(-1). Let r = -7 - -13. What is the highest common factor of l and r?
6
Let z(n) = n**2 - 5*n + 2. Let k be z(5). Suppose 4 - 6 = -k*h. What is the highest common divisor of 9 and h?
1
Let y(f) = 4 - 8 - 2*f**2 + 4*f + 3 + 5 - 3*f**3. Let q be y(-2). Let l = -11 - -17. What is the highest common divisor of q and l?
6
Let k(z) = -z**2 - 20*z - 27. Let t be k(-16). What is the greatest common divisor of 148 and t?
37
Let v(g) = -2*g**2 + 1 - 2*g**2 + 8*g**2 - 6 - g - g**3. Let p be v(3). Let u be p - (4 - (4 + 13)). Calculate the highest common factor of u and 7.
7
Let y(t) = -t**2 - 5*t - 3. Let z be y(-3). Let o(i) = -6 + 2 - 6*i + 7. Let f be o(-5). Calculate the highest common divisor of f and z.
3
Let w(u) = 3*u**2 + u + 10. Let m be w(3). Let s = m - 39. What is the highest common divisor of 19 and s?
1
Suppose -7*o + 37 + 54 = 0. Suppose n + 163 = 4*z, 5*n = 12 + o. Calculate the greatest common factor of 21 and z.
21
Let l be ((-3)/(-6))/((-1)/(-4)). Suppose -16 = -2*z - l. What is the greatest common factor of z and 28?
7
Let l(s) = s**3 - 2*s**2 - 127*s. Let x be l(-10). What is the highest common factor of 28 and x?
14
Suppose 2*i + 4*l = 34, -29*i - 65 = -34*i - 5*l. Calculate the highest common divisor of 288 and i.
9
Let r be ((-2)/(-8))/((-3)/(-48)). Suppose -2*y - r*p - 1044 = -7*y, y - 3*p - 211 = 0. What is the greatest common divisor of 26 and y?
26
Suppose -7*f = 94 - 409. Let r = f + -43. Calculate the highest common divisor of r and 32.
2
Let d be ((-9584)/(-24) - 7) + (-1)/3. What is the greatest common factor of 147 and d?
49
Suppose -3*u = -u - 332. Let j = 143 - 95. Let n be 8/j + u/12. What is the greatest common factor of n and 70?
14
Suppose 0*g + 35*g = 1050. What is the highest common divisor of g and 530?
10
Let r(f) = -f**3 - 2*f**2 + f + 3. Let w be r(-2). Let h = -21 + 29. Calculate the highest common divisor of h and w.
1
Let y(g) = g**3 + 5*g**2 - 4*g - 5. Let p be y(-5). Calculate the highest common divisor of p and 18.
3
Suppose -3*q - t + 1264 = -11, -3*q - 2*t + 1275 = 0. What is the highest common factor of q and 17?
17
Suppose 0 = -r + 145 + 225. Let s = r - 181. Suppose -238*m - 7392 = -590*m. What is the greatest common divisor of s and m?
21
Let b = 1495 + -1031. What is the greatest common factor of b and 16?
16
Suppose o = -0 - 5, 3*q + 2*o = 56. Suppose -g + 2*m + 5 = 0, 2*g - 3*m = 3*g - 20. Calculate the highest common factor of q and g.
11
Let c be ((-4)/(-22))/((-16)/(-176)) - -1440. Calculate the highest common factor of c and 7.
7
Let q be (-8628)/(-36) + (-2)/(-6). Calculate the greatest common divisor of 40 and q.
40
Let n = -300 + 340. Suppose f = 2*f + j - 7, 3*j - 6 = 0. Calculate the highest common factor of n and f.
5
Let q = -30 + 36. Let c(k) = 17*k - 7. Let n be c(5). What is the highest common factor of n and q?
6
Suppose k - 9 = 14. Let n be k - -1 - (6 - 4). Let o(s) = -3*s - 19. Let i be o(-7). What is the greatest common factor of i and n?
2
Suppose 257*i - 268*i + 110 = 0. What is the greatest common divisor of i and 730?
10
Let v = 1015 - 273. What is the greatest common divisor of 14 and v?
14
Let m(r) = 10*r**2 - r + 1. Let t be m(2). Let f be 20 + -10 + -4 - (-7 + 0). Calculate the highest common factor of f and t.
13
Let h = -14 + 50. What is the greatest common divisor of h and 252?
36
Let k be ((-112)/(-3))/((-2)/(-9)). Suppose -2*w = 8 - 40. Let n(b) = 2*b - 8. Let d be n(w). What is the highest common factor of k and d?
24
Let g be (-19)/((-114)/72)*8. What is the greatest common divisor of 60 and g?
12
Let a(y) = -y + 12. Let h = 31 + -25. Suppose 3*o - o = 2*v + 26, 2*v = -2*o + h. Let m be a(o). Calculate the highest common divisor of m and 28.
4
Let l be (-2)/(-1) - -1*(0 + 2). Suppose -h - 45 = -l*a, 56 + 7 = 5*a + h. Calculate the greatest common factor of a and 36.
12
Suppose 52*k = 45*k + 945. Calculate the greatest common divisor of 15 and k.
15
Suppose -5*d + d - 109 = -3*s, s = 5*d + 40. Calculate the greatest common factor of 175 and s.
35
Let y(p) = 7*p**2 + 55*p + 6. Let j be y(-8). Calculate the greatest common factor of j and 49.
7
Suppose -5*a + 4*f + 201 = -39, 3*f = 5*a - 245. Calculate the highest common factor of a and 32.
4
Let y(z) = z**2 + 6*z + 52. Let b be y(-20). What is the greatest common divisor of b and 83?
83
Let t = 831 - 798. What is the highest common divisor of 3 and t?
3
Suppose 2*o - 212 = 2*d, 218 = 4*o - 2*o + d. What is the highest common factor of o and 24?
12
Suppose -27*m = -3201 - 6006. Calculate the greatest common divisor of m and 11.
11
Let i be -2 + (2*-4 - 0). Let g = 12 + i. Suppose -v = g*j - 7 + 3, 19 = v - 3*j. What is the greatest common factor of v and 15?
5
Suppose 0 = -2*y + y + 81. Let a be (-21)/(-126) - 646/(-12)*1. Calculate the greatest common factor of y and a.
27
Suppose -5*p + 2*y = -0*p - 596, -250 = -2*p - 5*y. Calculate the highest common divisor of p and 36.
12
Let k be 5/(-10)*8 - -16. What is the highest common factor of k and 12?
12
Suppose -5*w - 5*v + 5060 = -7*v, 3*w - 3055 = 5*v. What is the highest common divisor of 10 and w?
10
Let a = -529 + 592. What is the greatest common factor of a and 49?
7
Let l = -128 - -168. Calculate the greatest common divisor of l and 100.
20
Let i(f) = 3*f**2 - 11*f + 19. Let k be i(5). Calculate the highest common divisor of 663 and k.
39
Suppose -3*g - 2*t - 304 = -51, 0 = 3*g - 5*t + 260. Let b = g + 98. What is the highest common factor of 26 and b?
13
Let c = 15 + -12. Suppose -2*b - 2*b - 4 = 0. Let p = c + b. What is the highest common divisor of p and 3?
1
Let a be 9/(1 + -4) - -102. Suppose 0 = 5*q + 3*k - 4*k - 328, -142 = -2*q - 5*k. Calculate the greatest common factor of q and a.
33
Suppose -35*v + 1755 + 55820 = 0. What is the greatest common divisor of v and 47?
47
Let w be 24/60*1060 + 1. Calculate the greatest common divisor of 85 and w.
85
Let t be 256/40 + (-2)/5. Let k(g) = g**3 + 8*g**2 - 4*g - 17. Let f be k(-8). What is the highest common divisor of f and t?
3
Let r = -47 + 70. Let l = 4 - 0. Suppose -233 = -l*x + 411. Calculate the greatest common divisor of r and x.
23
Suppose z = -3 + 4. Let g be (z + 0)*(11 - 11). Suppose g = -2*y - 9 + 39. What is the highest common factor of y and 10?
5
Suppose 3*q - b + 203 = 0, -5*b = 28 - 8. Let c = q - -43. Let u = c - -53. Calculate the greatest common factor of u and 3.
3
Let c be 1/2*30 - -1. Let s = c - 28. Let o be ((-40)/(-14))/(s/(-42)). Calculate the highest common divisor of 30 and o.
10
Suppose -3*n + 3*p = -30, -3*n - 2*p - p = -48. Suppose -15*i = -n*i - 22. Calculate the greatest common divisor of i and 55.
11
Suppose 29*g = -3086 + 11322. What is the highest common factor of g and 8?
4
Let i be 6/(-2) - (-111 - 12/(-4)). Suppose 2*v - 2*k - 90 = 0, -2*v - k + i = 9. Calculate the greatest common factor of 94 and v.
47
Let u = -47 + 112. Let n(b) = -15*b - 4. Let h be n(-2). What is the greatest common divisor of h and u?
13
Let k be -12*(2/(-4))/1. Suppose -2*o + 78 = -k. Let d = -2 + 8. What is the highest common divisor of d and o?
6
Suppose -774 - 306 = -40*n. What is the highest common factor of 243 and n?
27
Suppose 77 = j - p + 255, 2*p = -j - 166. Let s = j - -329. What is the greatest common divisor of s and 31?
31
Let a = 9 - 9. Suppose a = 2*h + 2*h. Let i be 0/(-2) - h - -39. What is the highest common divisor of 26 and i?
13
Let d(k) = k**2 - 8*k. Suppose 3*c + 11 = 2*y, -3 - 2 = y. Let n be d(c). Calculate the highest common divisor of 42 and n.
21
Suppose -68 = -2*r - 2*r. Suppose -h + 3*h + 16 = 0. Let d = h - -59. What is the highest common divisor of d and r?
17
Suppose -3*o = -0*o - 3*h - 57, 3*o + h = 77. What is the highest common factor of 96 and o?
24
Let u(o) = 10*o**2 + 4. Let f be u(3). Calculate the highest common divisor of f and 235.
47
Let y be 9/(-15) + 689/65. What is the greatest common divisor of 115 and y?
5
Let k = -508 - -876. Calculate the greatest common factor of 16 and k.
16
Let z be 18/45 + 4/(-10). Suppose z = t + r - 47, 4*t + 0*r + r = 197. Suppose -t = -h - 16. What is the greatest common factor of 306 and h?
34
Let q(a) = 33*a - 1. Suppose -j = -6*j + 10. Let x be q(j). Calculate the highest co